termine r(-24).
27
Let t(c) = c**2 + 108*c - 4658. Determine t(-141).
-5
Let a(f) = -4*f**3 - 36*f**2 - 924*f - 9640. Calculate a(-10).
0
Let y(t) = 2*t**3 - 441*t**2 - 2036*t + 2477. Calculate y(225).
2
Let w(a) = -353*a + 31733. Calculate w(90).
-37
Let r(m) = 64560*m - 645758. What is r(10)?
-158
Let d(c) = 1716*c - 48110. Calculate d(28).
-62
Let h(y) = -y**2 - 117120*y - 326. Give h(0).
-326
Let z(y) = -3563*y - 7409. Give z(-3).
3280
Let n(o) = 1870*o**2 - 15059*o + 818. Give n(8).
26
Let a(k) = -10774*k**2 - 150805*k + 388. Give a(-14).
-46
Let w(z) = 470815*z + 1412599. What is w(-3)?
154
Let q(m) = 4240*m - 19193. What is q(5)?
2007
Let n(h) = h**3 - 66*h**2 - 1215*h + 109. Calculate n(81).
109
Let h(c) = c**3 - 22*c**2 + 910*c - 14034. Calculate h(17).
-9
Let c(l) = -525*l**2 - 524*l + 8. Calculate c(-1).
7
Let y(p) = -59*p**2 + 5128*p - 10248. What is y(2)?
-228
Let g(i) = -42*i**2 - 629*i + 10524. Give g(10).
34
Let a(d) = -60*d**2 + 74*d - 32. Give a(3).
-350
Let k(j) = 113*j - 2570. Determine k(13).
-1101
Let u(n) = 279*n - 11668. Calculate u(39).
-787
Let t(g) = -2*g**3 + 17*g**2 + 593*g + 11. Determine t(22).
-11
Let r(n) = 12*n**2 + 1238*n + 3789. What is r(-100)?
-11
Let i(f) = 2*f**3 - 424*f**2 - 2*f + 2414. What is i(212)?
1990
Let i(h) = -4205*h + 88348. Give i(21).
43
Let f(u) = 368396*u - 4420771. Determine f(12).
-19
Let c(p) = -133*p**2 - 3174*p - 3171. Give c(-1).
-130
Let w(x) = -528*x + 13243. What is w(29)?
-2069
Let a(u) = 621*u + 18603. Give a(-30).
-27
Let b(p) = 11490*p - 195187. Give b(17).
143
Let m(f) = -228837*f + 7551621. Give m(33).
0
Let d(h) = 10*h**3 + 10*h**2 + 133*h + 456. What is d(-5)?
-1209
Let h(n) = -1141*n + 26090. Determine h(23).
-153
Let o(x) = -150*x - 4968. Calculate o(-33).
-18
Let k(i) = i**2 + 48*i + 684. Determine k(-23).
109
Let g(t) = 6763*t - 114957. Calculate g(17).
14
Let o(r) = -42*r**2 + 1598*r - 94. Give o(38).
-18
Let w(z) = 46*z - 2789. Give w(54).
-305
Let d(v) = 6*v**3 - 3571*v**2 + 719*v - 73771. Determine d(595).
9
Let d(w) = -w**2 + 478*w + 26944. Give d(529).
-35
Let t(o) = -4*o**2 - 950*o - 38038. Determine t(-51).
8
Let c(m) = -253*m - 6354. Calculate c(-25).
-29
Let a(j) = 97*j - 7618. What is a(66)?
-1216
Let v(w) = -5*w**2 - 30*w + 742. What is v(18)?
-1418
Let q(p) = 2745*p - 26877. Calculate q(10).
573
Let p(d) = d**3 + 54*d**2 - 54*d + 3266. Give p(-56).
18
Let h(m) = -45955*m + 229766. Calculate h(5).
-9
Let u(s) = 52*s - 4914. Determine u(-6).
-5226
Let h(t) = -1015019*t - 5075088. What is h(-5)?
7
Let m(r) = -909451*r + 20007931. What is m(22)?
9
Let a(b) = b**3 - 186*b**2 + 2297*b - 6999. Determine a(8).
-15
Let p(x) = x**2 + 2946*x - 23607. What is p(8)?
25
Let u(y) = 460*y - 7335. Determine u(17).
485
Let n(v) = -3*v**3 - 1244*v**2 - 3736*v - 11. Give n(-3).
82
Let w(t) = t**2 + 20593*t - 6119597. Give w(293).
1
Let h(y) = 5*y**2 - 318*y + 8901. Calculate h(26).
4013
Let f(a) = -192*a**2 + 96*a + 66. What is f(0)?
66
Let l(v) = 2*v**3 - 102*v**2 + 1702*v - 24633. Calculate l(37).
9
Let n(x) = 83*x**2 - 291*x + 16. Calculate n(3).
-110
Let w(q) = q**2 - 31*q - 220. Calculate w(24).
-388
Let i(c) = -116724*c - 1984340. Give i(-17).
-32
Let z(c) = -89487*c + 3311026. What is z(37)?
7
Let c(s) = -171*s**2 + 175*s + 537. What is c(-3)?
-1527
Let s(d) = 1025*d**2 + 3024*d + 3024. Calculate s(-1).
1025
Let i(h) = 21*h**3 - 2*h**2 + 150*h + 459. Calculate i(-3).
-576
Let h(a) = 1038*a - 5343. Give h(8).
2961
Let m(l) = l**2 - 131*l - 3210. Give m(-21).
-18
Let o(v) = -4*v**3 - 15*v**2 - 9*v - 4. Give o(-4).
48
Let p(n) = 14873*n + 59470. Calculate p(-4).
-22
Let t(j) = j**2 + 347*j + 24350. Give t(-98).
-52
Let j(x) = 2*x**3 - 9*x**2 - 39*x - 36. What is j(-2)?
-10
Let p(a) = 7*a**3 + 294*a**2 - 312*a - 13114. Calculate p(-42).
-10
Let m(n) = -33*n**2 + 2783*n - 913. Determine m(84).
11
Let n(z) = 10*z**3 - 544*z**2 + 1731*z + 174. Determine n(51).
21
Let o(s) = 12*s**2 + 108255*s + 108254. Determine o(-1).
11
Let l(x) = -x**2 + 3776*x + 795193. Give l(-200).
-7
Let u(s) = -s**3 - 26*s**2 - 222*s - 619. Determine u(-14).
137
Let s(h) = h**2 - 135*h + 2116. Determine s(114).
-278
Let l(q) = -q**3 + 11*q**2 - 3*q - 217. Give l(0).
-217
Let w(i) = 38*i**2 - 114*i - 285. What is w(-3)?
399
Let w(r) = -1166*r + 110417. Calculate w(96).
-1519
Let a(m) = 2*m**2 + 5157*m + 137777. Determine a(-27).
-4
Let u(f) = 2*f**2 + 588*f + 43447. Give u(-147).
229
Let c(o) = -164865*o - 1648576. What is c(-10)?
74
Let u(y) = 13771*y + 192789. Give u(-14).
-5
Let f(b) = 1403*b - 98090. Determine f(70).
120
Let j(r) = -771191*r + 6940736. Determine j(9).
17
Let n(w) = 3*w**2 - 223*w + 3901. Determine n(27).
67
Let j(k) = 68*k**2 - 345*k - 1195. Determine j(-4).
1273
Let j(d) = -325250*d - 650509. Give j(-2).
-9
Let c(r) = r**2 - 110*r + 1515. What is c(98)?
339
Let v(g) = 127769*g - 11882515. Calculate v(93).
2
Let j(v) = -2702*v + 240210. Calculate j(89).
-268
Let l(r) = -11*r**3 + 62*r + 175. Give l(-3).
286
Let u(a) = 593*a - 7493. Determine u(15).
1402
Let m(h) = 2*h**2 + 120*h - 527. Calculate m(-55).
-1077
Let u(a) = 376*a + 6792. Calculate u(-19).
-352
Let p(j) = -243139*j - 30392372. Give p(-125).
3
Let g(x) = -45*x**2 - 1451*x - 1740. Calculate g(-31).
-4
Let r(g) = 1569*g - 933. Give r(2).
2205
Let k(v) = 3*v**3 - 159*v**2 - 7*v + 532. Give k(53).
161
Let z(t) = -t**2 + 57005*t + 570114. Give z(-10).
-36
Let m(q) = 354057*q - 9559536. Determine m(27).
3
Let o(z) = 91*z**2 - 537*z + 9. What is o(4)?
-683
Let g(a) = -139*a - 4573. Give g(-35).
292
Let x(a) = a**3 - 37*a**2 + 9487*a - 298539. Determine x(32).
-75
Let p(d) = -d**2 - 2028*d - 48149. What is p(-24)?
-53
Let g(j) = -1427*j + 32691. Calculate g(23).
-130
Let u(v) = -v**3 + 30*v**2 + 224*v + 249. Give u(37).
-1046
Let c(o) = -811*o + 2421. What is c(3)?
-12
Let x(a) = -a**3 - 965*a**2 - 29857*a - 941. Determine x(-933).
-8
Let c(s) = -23*s**2 + 329*s - 1122. What is c(9)?
-24
Let g(i) = -3*i**2 + 362*i + 6460. Calculate g(-16).
-100
Let y(a) = a**2 + 75*a + 954. What is y(-47)?
-362
Let x(k) = 4672*k + 46715. Calculate x(-10).
-5
Let a(b) = -24158*b**2 - 241580*b + 11. Calculate a(-10).
11
Let i(o) = -27*o**2 + 394*o + 2255. Give i(-6).
-1081
Let v(s) = -755*s + 43838. Calculate v(58).
48
Let j(f) = 15697*f - 784867. Give j(50).
-17
Let k(a) = -46*a + 1360. Calculate k(32).
-112
Let p(q) = 27*q**2 - 11585*q + 897. Give p(429).
39
Let n(z) = 6*z**3 - 115*z**2 + 64*z - 852. What is n(19)?
3
Let g(v) = -209*v + 43027. Determine g(206).
-27
Let k(s) = -38*s**2 + 131*s + 62. Calculate k(4).
-22
Let c(i) = 13609*i + 276. Determine c(0).
276
Let d(q) = -51941*q - 155817. What is d(-3)?
6
Let u(v) = 13736*v - 41221. Determine u(3).
-13
Let z(p) = 6904*p + 75566. Determine z(-11).
-378
Let u(a) = 3*a**3 + 9*a**2 - 92*a - 307. What is u(-5)?
3
Let c(f) = 2*f**3 - 4*f**2 + 2155*f - 18003. What is c(8)?
5
Let m(z) = 14*z**3 - 24*z**2 - 29*z - 52. Calculate m(-3).
-559
Let z(m) = -6878*m + 997307. Give z(145).
-3
Let s(a) = a**2 - 92510*a + 832543. Give s(9).
34
Let f(a) = 27575*a + 2785070. Give f(-101).
-5
Let h(q) = -q**2 + 263*q + 3690. Give h(277).
-188
Let a(q) = q**2 + 1380*q - 175194. Determine a(117).
-45
Let y(q) = 38272*q + 267904. Determine y(-7).
0
Let l(c) = -1161*c + 10377. What is l(9)?
-72
Let b(g) = -3*g**2 - 492*g - 9318. Calculate b(-138).
1446
Let h(m) = -4251*m - 33490. What is h(-8)?
518
Let y(q) = 855*q**3 + 88*q**2 - 79*q - 8. Determine y(1).
856
Let i(v) = 17*v**2 + 233*v - 138. Determine i(-10).
-768
Let a(b) = 14813*b + 1. Calculate a(0).
1
Let w(n) = 1205*n + 145738. Calculate w(-121).
-67
Let x(m) = -61*m - 3721. Determine x(-49).
-732
Let c(v) = -4*v**2 + 421*v - 7384. Determine c(22).
-58
Let n(u) = 19*u**2 - 119439*u - 119439. What is n(-1)?
19
Let a(o) = -9*o**2 - 4276*o + 70701. Determine a(16).
-19
Let n(g) = 66*g - 7496. Determine n(114).
28
Let u(b) = -2*b**3 - 375*b**2 - 6102*b + 11. Determine u(-18).
11
Let x(a) = -20*a**3 + 79*a**2 + 241*a - 951. Calculate x(4).
-3
Let n(g) = 24*g**3 - 23*g**2 - 137*g - 36. Calculate n(-4).
-1392
Let l(a) = -1511*a + 1438481. What is l(952)?
9
Let a(j) = 22*j**2 - 178*j - 185. Determine a(-1).
15
Let g(x) = -5050*x - 140187. Determine g(-28).
1213
Let